nd 40.
20
Calculate the highest common factor of 338 and 26.
26
What is the highest common factor of 187 and 583?
11
Calculate the highest common factor of 2873 and 338.
169
Calculate the highest common divisor of 360 and 440.
40
Calculate the greatest common divisor of 810 and 450.
90
Calculate the greatest common factor of 5900 and 2065.
295
What is the highest common factor of 16090 and 10?
10
What is the highest common divisor of 150 and 90?
30
Calculate the highest common factor of 28 and 2128.
28
What is the greatest common factor of 10 and 160?
10
What is the highest common divisor of 950 and 5400?
50
Calculate the greatest common divisor of 286 and 902.
22
What is the greatest common divisor of 179 and 8413?
179
Calculate the greatest common divisor of 100 and 4.
4
Calculate the highest common factor of 81 and 3.
3
What is the highest common factor of 1207 and 71?
71
What is the greatest common divisor of 644 and 28?
28
What is the greatest common factor of 925 and 148?
37
Calculate the highest common divisor of 40619 and 538.
269
What is the greatest common divisor of 28440 and 45?
45
Calculate the highest common divisor of 779 and 95.
19
Calculate the greatest common divisor of 1270 and 3302.
254
Calculate the highest common factor of 32085 and 207.
207
What is the highest common factor of 15 and 60?
15
What is the greatest common divisor of 40 and 5620?
20
Calculate the greatest common factor of 7938 and 63.
63
What is the greatest common divisor of 60 and 990?
30
What is the highest common divisor of 255 and 102?
51
Calculate the highest common divisor of 396 and 176.
44
Calculate the highest common factor of 1206 and 144.
18
Calculate the highest common divisor of 348 and 1276.
116
What is the highest common divisor of 32 and 52?
4
Calculate the greatest common factor of 248 and 1240.
248
Calculate the highest common factor of 91 and 572.
13
Calculate the greatest common factor of 6758 and 93.
31
Calculate the greatest common divisor of 120 and 2580.
60
What is the highest common divisor of 5 and 5?
5
What is the highest common divisor of 76 and 608?
76
What is the highest common divisor of 106 and 2862?
106
What is the greatest common factor of 112 and 378?
14
Calculate the greatest common factor of 1376 and 258.
86
Calculate the highest common divisor of 864 and 56.
8
Calculate the greatest common factor of 144 and 9.
9
Calculate the greatest common divisor of 30 and 1215.
15
Calculate the greatest common divisor of 32 and 38864.
16
Calculate the greatest common divisor of 76 and 418.
38
What is the highest common divisor of 10 and 3490?
10
What is the greatest common factor of 2720 and 32?
32
Calculate the greatest common divisor of 221 and 13.
13
What is the highest common factor of 147 and 245?
49
What is the highest common factor of 92 and 69?
23
What is the highest common factor of 52 and 13?
13
What is the greatest common divisor of 27 and 207?
9
Calculate the highest common divisor of 29 and 71543.
29
What is the highest common divisor of 216 and 144?
72
What is the greatest common factor of 160 and 680?
40
What is the greatest common factor of 13824 and 27?
27
Calculate the highest common factor of 256 and 4.
4
Calculate the greatest common divisor of 4220 and 60.
20
Calculate the greatest common factor of 685 and 20.
5
Calculate the highest common factor of 2244 and 34.
34
Calculate the highest common factor of 51 and 1615.
17
Calculate the highest common factor of 2090 and 855.
95
What is the highest common divisor of 1265 and 187?
11
Calculate the highest common factor of 722 and 190.
38
Calculate the highest common divisor of 3 and 69.
3
Calculate the highest common divisor of 18 and 111.
3
Calculate the greatest common divisor of 50 and 70.
10
Calculate the highest common factor of 134 and 536.
134
What is the greatest common divisor of 150 and 750?
150
What is the greatest common divisor of 55 and 145?
5
What is the greatest common factor of 59 and 118?
59
Calculate the highest common factor of 83 and 71546.
83
What is the greatest common factor of 2 and 62?
2
Calculate the highest common factor of 25 and 400.
25
Calculate the greatest common factor of 4693 and 52.
13
Calculate the highest common factor of 282 and 423.
141
What is the greatest common divisor of 614 and 2?
2
Calculate the greatest common factor of 123 and 24.
3
Calculate the greatest common divisor of 108 and 207.
9
Calculate the greatest common factor of 451 and 11.
11
Calculate the greatest common divisor of 305 and 1769.
61
Calculate the greatest common divisor of 82 and 82.
82
Calculate the highest common factor of 2016 and 3584.
224
Calculate the highest common divisor of 90 and 40.
10
Calculate the greatest common divisor of 22 and 638.
22
Calculate the highest common divisor of 46365 and 165.
165
What is the highest common divisor of 273 and 312?
39
What is the highest common divisor of 6 and 417?
3
Calculate the highest common factor of 26 and 18.
2
Calculate the greatest common divisor of 53 and 2.
1
Calculate the greatest common factor of 1247 and 116.
29
Calculate the highest common divisor of 7174 and 34.
34
What is the highest common divisor of 77 and 2310?
77
What is the greatest common factor of 56 and 63?
7
What is the greatest common factor of 20 and 688?
4
What is the highest common divisor of 117 and 909?
9
What is the highest common divisor of 49 and 63?
7
What is the greatest common divisor of 22 and 1826?
22
What is the greatest common divisor of 6 and 3714?
6
What is the greatest common factor of 93 and 1333?
31
What is the greatest common divisor of 75 and 275?
25
Calculate the highest common divisor of 448 and 160.
32
Calculate the highest common divisor of 37120 and 870.
290
Calculate the highest common divisor of 117 and 27.
9
Calculate the greatest common divisor of 1222 and 52.
26
What is the greatest common divisor of 13 and 9061?
13
What is the greatest common factor of 924 and 748?
44
Calculate the highest common divisor of 270 and 108.
54
Calculate the greatest common factor of 49 and 14.
7
Calculate the highest common divisor of 1750 and 28.
14
Calculate the greatest common factor of 180 and 108.
36
Calculate the highest common factor of 297 and 77.
11
What is the greatest common divisor of 1160 and 90?
10
Calculate the highest common divisor of 680 and 120.
40
Calculate the greatest common divisor of 544 and 17.
17
What is the highest common divisor of 610 and 70?
10
Calculate the highest common factor of 183 and 17751.
183
Calculate the greatest common divisor of 212 and 564.
4
What is the greatest common divisor of 649 and 22?
11
Calculate the highest common divisor of 11 and 143.
11
Calculate the greatest common factor of 2071 and 19.
19
What is the greatest common divisor of 806 and 26?
26
Calculate the highest common divisor of 492 and 540.
12
Calculate the highest common factor of 33 and 1639.
11
What is the highest common divisor of 1799 and 49?
7
Calculate the highest common divisor of 3059 and 76.
19
Calculate the highest common factor of 3328 and 2288.
208
Calculate the greatest common divisor of 26 and 41834.
26
Calculate the greatest common factor of 696 and 120.
24
What is the highest common factor of 22 and 33?
11
Calculate the highest common factor of 3725 and 25.
25
Calculate the greatest common divisor of 84 and 63.
21
What is the greatest common factor of 24 and 45?
3
What is the highest common factor of 26595 and 197?
197
Calculate the greatest common divisor of 174 and 6.
6
Calculate the greatest common factor of 132 and 7788.
132
What is the highest common factor of 1256 and 14758?
314
What is the greatest common divisor of 6 and 390?
6
What is the highest common factor of 5 and 1880?
5
What is the highest common divisor of 783 and 27?
27
What is the greatest common divisor of 196 and 168?
28
Calculate the highest common divisor of 32 and 24.
8
Calculate the highest common divisor of 621 and 27.
27
Calculate the highest common divisor of 2783 and 2024.
253
Calculate the greatest common divisor of 81 and 15.
3
Calculate the highest common factor of 1720 and 12.
4
Calculate the greatest common factor of 26781 and 452.
113
What is the highest common factor of 678 and 426?
6
Calculate the high